[INFO] fetching crate rxml 0.9.1...
[INFO] checking rxml-0.9.1 against master#9610dfe5a9a731ced1ea4923ecbd0c57fe367898 for beta-170-4
[INFO] extracting crate rxml 0.9.1 into /workspace/builds/worker-2-tc1/source
[INFO] validating manifest of crates.io crate rxml 0.9.1 on toolchain 9610dfe5a9a731ced1ea4923ecbd0c57fe367898
[INFO] running `Command { std: CARGO_HOME="/workspace/cargo-home" RUSTUP_HOME="/workspace/rustup-home" "/workspace/cargo-home/bin/cargo" "+9610dfe5a9a731ced1ea4923ecbd0c57fe367898" "metadata" "--manifest-path" "Cargo.toml" "--no-deps", kill_on_drop: false }`
[INFO] started tweaking crates.io crate rxml 0.9.1
[INFO] finished tweaking crates.io crate rxml 0.9.1
[INFO] tweaked toml for crates.io crate rxml 0.9.1 written to /workspace/builds/worker-2-tc1/source/Cargo.toml
[INFO] crate crates.io crate rxml 0.9.1 already has a lockfile, it will not be regenerated
[INFO] running `Command { std: CARGO_HOME="/workspace/cargo-home" RUSTUP_HOME="/workspace/rustup-home" "/workspace/cargo-home/bin/cargo" "+9610dfe5a9a731ced1ea4923ecbd0c57fe367898" "fetch" "--manifest-path" "Cargo.toml", kill_on_drop: false }`
[INFO] [stderr]     Updating crates.io index
[INFO] [stderr]  Downloading crates ...
[INFO] [stderr]   Downloaded rxml_proc v0.9.1
[INFO] [stderr]   Downloaded rxml_validation v0.9.1
[INFO] [stderr]   Downloaded weak-table v0.3.2
[INFO] running `Command { std: "docker" "create" "-v" "/var/lib/crater-agent-workspace/builds/worker-2-tc1/target:/opt/rustwide/target:rw,Z" "-v" "/var/lib/crater-agent-workspace/builds/worker-2-tc1/source:/opt/rustwide/workdir:ro,Z" "-v" "/var/lib/crater-agent-workspace/cargo-home:/opt/rustwide/cargo-home:ro,Z" "-v" "/var/lib/crater-agent-workspace/rustup-home:/opt/rustwide/rustup-home:ro,Z" "-e" "SOURCE_DIR=/opt/rustwide/workdir" "-e" "CARGO_TARGET_DIR=/opt/rustwide/target" "-e" "CARGO_HOME=/opt/rustwide/cargo-home" "-e" "RUSTUP_HOME=/opt/rustwide/rustup-home" "-w" "/opt/rustwide/workdir" "-m" "1610612736" "--user" "0:0" "--network" "none" "ghcr.io/rust-lang/crates-build-env/linux@sha256:19e73879b68f455e41552ea35293514db52ea292d993f571636dbffedb77a1ee" "/opt/rustwide/cargo-home/bin/cargo" "+9610dfe5a9a731ced1ea4923ecbd0c57fe367898" "metadata" "--no-deps" "--format-version=1", kill_on_drop: false }`
[INFO] [stdout] 95264c66a837913fdcd428055577908a574239e09ece19242d22849f3e75acbd
[INFO] running `Command { std: "docker" "start" "-a" "95264c66a837913fdcd428055577908a574239e09ece19242d22849f3e75acbd", kill_on_drop: false }`
[INFO] running `Command { std: "docker" "inspect" "95264c66a837913fdcd428055577908a574239e09ece19242d22849f3e75acbd", kill_on_drop: false }`
[INFO] running `Command { std: "docker" "rm" "-f" "95264c66a837913fdcd428055577908a574239e09ece19242d22849f3e75acbd", kill_on_drop: false }`
[INFO] [stdout] 95264c66a837913fdcd428055577908a574239e09ece19242d22849f3e75acbd
[INFO] running `Command { std: "docker" "create" "-v" "/var/lib/crater-agent-workspace/builds/worker-2-tc1/target:/opt/rustwide/target:rw,Z" "-v" "/var/lib/crater-agent-workspace/builds/worker-2-tc1/source:/opt/rustwide/workdir:ro,Z" "-v" "/var/lib/crater-agent-workspace/cargo-home:/opt/rustwide/cargo-home:ro,Z" "-v" "/var/lib/crater-agent-workspace/rustup-home:/opt/rustwide/rustup-home:ro,Z" "-e" "SOURCE_DIR=/opt/rustwide/workdir" "-e" "CARGO_TARGET_DIR=/opt/rustwide/target" "-e" "CARGO_INCREMENTAL=0" "-e" "RUST_BACKTRACE=full" "-e" "RUSTFLAGS=--cap-lints=forbid" "-e" "RUSTDOCFLAGS=--cap-lints=forbid" "-e" "CARGO_HOME=/opt/rustwide/cargo-home" "-e" "RUSTUP_HOME=/opt/rustwide/rustup-home" "-w" "/opt/rustwide/workdir" "-m" "1610612736" "--user" "0:0" "--network" "none" "ghcr.io/rust-lang/crates-build-env/linux@sha256:19e73879b68f455e41552ea35293514db52ea292d993f571636dbffedb77a1ee" "/opt/rustwide/cargo-home/bin/cargo" "+9610dfe5a9a731ced1ea4923ecbd0c57fe367898" "check" "--frozen" "--all" "--all-targets" "--message-format=json", kill_on_drop: false }`
[INFO] [stdout] 81174dbed176799d1ed9bdcb1e9b3fb4ddef8fb5a60ddf1fda41665bc47ac540
[INFO] running `Command { std: "docker" "start" "-a" "81174dbed176799d1ed9bdcb1e9b3fb4ddef8fb5a60ddf1fda41665bc47ac540", kill_on_drop: false }`
[INFO] [stderr]    Compiling proc-macro2 v1.0.50
[INFO] [stderr]    Compiling quote v1.0.23
[INFO] [stderr]    Compiling unicode-ident v1.0.6
[INFO] [stderr]    Compiling syn v1.0.107
[INFO] [stderr]    Compiling serde v1.0.152
[INFO] [stderr]    Compiling crossbeam-utils v0.8.14
[INFO] [stderr]    Compiling memoffset v0.7.1
[INFO] [stderr]    Compiling libc v0.2.139
[INFO] [stderr]    Compiling crossbeam-epoch v0.9.13
[INFO] [stderr]    Compiling tokio v1.24.2
[INFO] [stderr]    Compiling futures-core v0.3.25
[INFO] [stderr]     Checking bytes v1.3.0
[INFO] [stderr]     Checking pin-project-lite v0.2.9
[INFO] [stderr]     Checking either v1.8.0
[INFO] [stderr]    Compiling serde_json v1.0.91
[INFO] [stderr]    Compiling rayon-core v1.10.2
[INFO] [stderr]     Checking ryu v1.0.12
[INFO] [stderr]    Compiling smartstring v1.0.1
[INFO] [stderr]     Checking crossbeam-deque v0.8.2
[INFO] [stderr]     Checking num_cpus v1.15.0
[INFO] [stderr]     Checking crossbeam-channel v0.5.6
[INFO] [stderr]     Checking plotters-backend v0.3.4
[INFO] [stderr]     Checking regex-automata v0.1.10
[INFO] [stderr]     Checking itoa v1.0.5
[INFO] [stderr]    Compiling serde_derive v1.0.152
[INFO] [stderr]     Checking plotters-svg v0.3.3
[INFO] [stderr]     Checking itertools v0.10.5
[INFO] [stderr]     Checking csv-core v0.1.10
[INFO] [stderr]     Checking cast v0.3.0
[INFO] [stderr]     Checking half v1.8.2
[INFO] [stderr]     Checking regex-syntax v0.6.28
[INFO] [stderr]     Checking itoa v0.4.8
[INFO] [stderr]     Checking clap v2.34.0
[INFO] [stderr]     Checking plotters v0.3.4
[INFO] [stderr]     Checking atty v0.2.14
[INFO] [stderr]     Checking oorandom v11.1.3
[INFO] [stderr]     Checking rayon v1.6.1
[INFO] [stderr]     Checking rxml_validation v0.9.1
[INFO] [stderr]     Checking regex v1.7.1
[INFO] [stderr]     Checking criterion-plot v0.4.5
[INFO] [stderr]     Checking bstr v0.2.17
[INFO] [stderr]     Checking serde_cbor v0.11.2
[INFO] [stderr]     Checking csv v1.1.6
[INFO] [stderr]     Checking tinytemplate v1.2.1
[INFO] [stderr]    Compiling tokio-macros v1.8.2
[INFO] [stderr]    Compiling async-stream-impl v0.3.3
[INFO] [stderr]     Checking async-stream v0.3.3
[INFO] [stderr]     Checking tokio-stream v0.1.11
[INFO] [stderr]     Checking rxml v0.9.1 (/opt/rustwide/workdir)
[INFO] [stderr]     Checking criterion v0.3.6
[INFO] [stderr]     Checking tokio-test v0.4.2
[INFO] [stdout] warning: calls to `std::mem::drop` with a reference instead of an owned value does nothing
[INFO] [stdout]    --> src/lexer/mod.rs:738:3
[INFO] [stdout]     |
[INFO] [stdout] 738 |         drop(s);
[INFO] [stdout]     |         ^^^^^-^
[INFO] [stdout]     |              |
[INFO] [stdout]     |              argument has type `&str`
[INFO] [stdout]     |
[INFO] [stdout]     = note: use `let _ = ...` to ignore the expression or result
[INFO] [stdout]     = note: `#[warn(dropping_references)]` on by default
[INFO] [stdout] 
[INFO] [stdout] 
[INFO] [stdout] warning: 1 warning emitted
[INFO] [stdout] 
[INFO] [stdout] 
[INFO] [stdout] warning: use of deprecated struct `rxml::BufferQueue`: no replacement, `bytes::Buf` and the `FeedParser`/`PushDriver` may be helpful in many cases
[INFO] [stdout]  --> benches/q.rs:8:11
[INFO] [stdout]   |
[INFO] [stdout] 8 | use rxml::BufferQueue;
[INFO] [stdout]   |           ^^^^^^^^^^^
[INFO] [stdout]   |
[INFO] [stdout]   = note: `#[warn(deprecated)]` on by default
[INFO] [stdout] 
[INFO] [stdout] 
[INFO] [stdout] warning: use of deprecated struct `rxml::BufferQueue`: no replacement, `bytes::Buf` and the `FeedParser`/`PushDriver` may be helpful in many cases
[INFO] [stdout]   --> benches/q.rs:47:16
[INFO] [stdout]    |
[INFO] [stdout] 47 |             let mut q = BufferQueue::new();
[INFO] [stdout]    |                         ^^^^^^^^^^^
[INFO] [stdout] 
[INFO] [stdout] 
[INFO] [stdout] warning: use of deprecated struct `rxml::BufferQueue`: no replacement, `bytes::Buf` and the `FeedParser`/`PushDriver` may be helpful in many cases
[INFO] [stdout]   --> benches/q.rs:66:16
[INFO] [stdout]    |
[INFO] [stdout] 66 |             let mut q = BufferQueue::new();
[INFO] [stdout]    |                         ^^^^^^^^^^^
[INFO] [stdout] 
[INFO] [stdout] 
[INFO] [stdout] error[E0599]: no method named `feed` found for struct `PushDriver` in the current scope
[INFO] [stdout]     --> benches/parse.rs:2946:6
[INFO] [stdout]      |
[INFO] [stdout] 2946 |             p.feed(&HUGE_STANZA[..]);
[INFO] [stdout]      |               ^^^^ method not found in `PushDriver<Parser>`
[INFO] [stdout] 
[INFO] [stdout] 
[INFO] [stdout] error[E0599]: no method named `feed_eof` found for struct `PushDriver` in the current scope
[INFO] [stdout]     --> benches/parse.rs:2947:6
[INFO] [stdout]      |
[INFO] [stdout] 2947 |             p.feed_eof();
[INFO] [stdout]      |               ^^^^^^^^ method not found in `PushDriver<Parser>`
[INFO] [stdout] 
[INFO] [stdout] 
[INFO] [stdout] error[E0599]: no method named `read_all_eof` found for struct `PushDriver` in the current scope
[INFO] [stdout]     --> benches/parse.rs:2949:6
[INFO] [stdout]      |
[INFO] [stdout] 2948 |               assert!(p
[INFO] [stdout]      |  _____________________-
[INFO] [stdout] 2949 | |                 .read_all_eof(|ev| {
[INFO] [stdout]      | |                 -^^^^^^^^^^^^ method not found in `PushDriver<Parser>`
[INFO] [stdout]      | |_________________|
[INFO] [stdout]      | 
[INFO] [stdout] 
[INFO] [stdout] 
[INFO] [stdout] warning: 3 warnings emitted
[INFO] [stdout] 
[INFO] [stdout] 
[INFO] [stdout] error[E0599]: no method named `feed` found for struct `PushDriver` in the current scope
[INFO] [stdout]     --> benches/parse.rs:2959:5
[INFO] [stdout]      |
[INFO] [stdout] 2959 |         p.feed(&b"<?xml version='1.0'?><root>"[..]);
[INFO] [stdout]      |           ^^^^ method not found in `PushDriver<Parser>`
[INFO] [stdout] 
[INFO] [stdout] 
[INFO] [stdout] error[E0599]: no method named `feed` found for struct `PushDriver` in the current scope
[INFO] [stdout]     --> benches/parse.rs:2963:6
[INFO] [stdout]      |
[INFO] [stdout] 2963 |             p.feed(&HUGE_STANZA[..]);
[INFO] [stdout]      |               ^^^^ method not found in `PushDriver<Parser>`
[INFO] [stdout] 
[INFO] [stdout] 
[INFO] [stdout] error[E0599]: no method named `read_all_eof` found for struct `PushDriver` in the current scope
[INFO] [stdout]     --> benches/parse.rs:2965:6
[INFO] [stdout]      |
[INFO] [stdout] 2964 |               assert!(!p
[INFO] [stdout]      |  ______________________-
[INFO] [stdout] 2965 | |                 .read_all_eof(|ev| {
[INFO] [stdout]      | |                 -^^^^^^^^^^^^ method not found in `PushDriver<Parser>`
[INFO] [stdout]      | |_________________|
[INFO] [stdout]      | 
[INFO] [stdout] 
[INFO] [stdout] 
[INFO] [stdout] error: aborting due to 6 previous errors
[INFO] [stdout] 
[INFO] [stdout] 
[INFO] [stdout] For more information about this error, try `rustc --explain E0599`.
[INFO] [stdout] 
[INFO] [stderr] error: could not compile `rxml` (bench "parse") due to 7 previous errors
[INFO] [stderr] warning: build failed, waiting for other jobs to finish...
[INFO] [stdout] warning: calls to `std::mem::drop` with a reference instead of an owned value does nothing
[INFO] [stdout]    --> src/lexer/mod.rs:738:3
[INFO] [stdout]     |
[INFO] [stdout] 738 |         drop(s);
[INFO] [stdout]     |         ^^^^^-^
[INFO] [stdout]     |              |
[INFO] [stdout]     |              argument has type `&str`
[INFO] [stdout]     |
[INFO] [stdout]     = note: use `let _ = ...` to ignore the expression or result
[INFO] [stdout]     = note: `#[warn(dropping_references)]` on by default
[INFO] [stdout] 
[INFO] [stdout] 
[INFO] [stdout] warning: 1 warning emitted
[INFO] [stdout] 
[INFO] [stdout] 
[INFO] running `Command { std: "docker" "inspect" "81174dbed176799d1ed9bdcb1e9b3fb4ddef8fb5a60ddf1fda41665bc47ac540", kill_on_drop: false }`
[INFO] running `Command { std: "docker" "rm" "-f" "81174dbed176799d1ed9bdcb1e9b3fb4ddef8fb5a60ddf1fda41665bc47ac540", kill_on_drop: false }`
[INFO] [stdout] 81174dbed176799d1ed9bdcb1e9b3fb4ddef8fb5a60ddf1fda41665bc47ac540
